{"id":4567,"date":"2022-07-21T13:10:09","date_gmt":"2022-07-21T11:10:09","guid":{"rendered":"https:\/\/www.presensa.com\/producto\/acnoless-acne-cream-oily-and-combination-skin\/"},"modified":"2026-04-22T13:23:31","modified_gmt":"2026-04-22T11:23:31","slug":"gel-antiacne","status":"publish","type":"product","link":"https:\/\/www.pressensa.shop\/en\/producto\/gel-antiacne\/","title":{"rendered":"Acnolesse"},"content":{"rendered":"<p><strong>Components: <\/strong><\/p>\n<h3>CYTOBIOL\u2122 IRIS A\u00b2<\/h3>\n<h3>CITRUSTEM\u2122<\/h3>\n<h3>BIRCH EXTRACT<\/h3>\n<h3>MARIGOLD EXTRACTS<\/h3>\n<h3>Aloe Vera Extract<\/h3>\n<h3>chamomile extract<\/h3>\n<h3>Hygroplex TM<\/h3>\n<p>&nbsp;<\/p>\n<p>Available in three sizes<\/p>\n","protected":false},"excerpt":{"rendered":"<h2>Acne gel cream<\/h2>\n<p>Acnoless is a gel cream designed to help fight facial acne; stains; breakouts and blemishes that acne leaves on the skin.<\/p>\n<p><strong>Reduced price on the big size! Product with an approaching expiration date.  31\/11\/2026<\/strong><\/p>\n<p>Its formula, rich in specific active ingredients to treat acne, such as Iris Extract, Vitamin A, and Zinc, has been clinically proven to purify the skin, minimize pores and reduce skin imperfections.<\/p>\n<h3>For acne and combination skin<\/h3>\n<p>This cream gel helps reduce blemishes, mattifies oily skin, and helps stop the appearance of comedones. It is an ideal treatment to leave uniform skin; matte, with less shine, and without imperfections.<\/p>\n<p>AcnoLess is quickly absorbed and leaves no greasy residue.<\/p>\n","protected":false},"featured_media":23462,"comment_status":"open","ping_status":"closed","template":"","meta":[],"product_brand":[],"product_cat":[61],"product_tag":[],"class_list":{"0":"post-4567","1":"product","2":"type-product","3":"status-publish","4":"has-post-thumbnail","6":"product_cat-profesional-en","7":"pa_tamano-250ml-en","8":"pa_tamano-30ml-en","10":"first","11":"instock","12":"sale","13":"taxable","14":"shipping-taxable","15":"purchasable","16":"product-type-variable"},"yoast_head":"<!-- This site is optimized with the Yoast SEO plugin v27.5 - https:\/\/yoast.com\/product\/yoast-seo-wordpress\/ -->\n<title>Buy anti-acne gel for aesthetic centers<\/title>\n<meta name=\"description\" content=\"Crema Gel para acn\u00e9 para pieles acn\u00e9icas y mixtas que purifica la piel, minimiza los poros y reducir las imperfecciones cut\u00e1neas. Vitamin A and Zinc, Aloe vera extract, Chamomile Extract 250ml\" \/>\n<meta name=\"robots\" content=\"noindex, nofollow\" \/>\n<meta property=\"og:locale\" content=\"en_US\" \/>\n<meta property=\"og:type\" content=\"article\" \/>\n<meta property=\"og:title\" content=\"Buy anti-acne gel for aesthetic centers\" \/>\n<meta property=\"og:description\" content=\"Crema Gel para acn\u00e9 para pieles acn\u00e9icas y mixtas que purifica la piel, minimiza los poros y reducir las imperfecciones cut\u00e1neas. Vitamin A and Zinc, Aloe vera extract, Chamomile Extract 250ml\" \/>\n<meta property=\"og:url\" content=\"https:\/\/www.pressensa.shop\/en\/producto\/gel-antiacne\/\" \/>\n<meta property=\"og:site_name\" content=\"Pressensa\" \/>\n<meta property=\"article:modified_time\" content=\"2026-04-22T11:23:31+00:00\" \/>\n<meta property=\"og:image\" content=\"https:\/\/www.pressensa.shop\/wp-content\/uploads\/2022\/07\/ACNOLESS-GRANDE.webp\" \/>\n\t<meta property=\"og:image:width\" content=\"2160\" \/>\n\t<meta property=\"og:image:height\" content=\"2160\" \/>\n\t<meta property=\"og:image:type\" content=\"image\/webp\" \/>\n<meta name=\"twitter:card\" content=\"summary_large_image\" \/>\n<script type=\"application\/ld+json\" class=\"yoast-schema-graph\">{\"@context\":\"https:\\\/\\\/schema.org\",\"@graph\":[{\"@type\":\"WebPage\",\"@id\":\"https:\\\/\\\/www.pressensa.shop\\\/en\\\/producto\\\/gel-antiacne\\\/\",\"url\":\"https:\\\/\\\/www.pressensa.shop\\\/en\\\/producto\\\/gel-antiacne\\\/\",\"name\":\"Buy anti-acne gel for aesthetic centers\",\"isPartOf\":{\"@id\":\"https:\\\/\\\/www.pressensa.shop\\\/en\\\/#website\"},\"primaryImageOfPage\":{\"@id\":\"https:\\\/\\\/www.pressensa.shop\\\/en\\\/producto\\\/gel-antiacne\\\/#primaryimage\"},\"image\":{\"@id\":\"https:\\\/\\\/www.pressensa.shop\\\/en\\\/producto\\\/gel-antiacne\\\/#primaryimage\"},\"thumbnailUrl\":\"https:\\\/\\\/www.pressensa.shop\\\/wp-content\\\/uploads\\\/2022\\\/07\\\/ACNOLESS-GRANDE.webp\",\"datePublished\":\"2022-07-21T11:10:09+00:00\",\"dateModified\":\"2026-04-22T11:23:31+00:00\",\"description\":\"Crema Gel para acn\u00e9 para pieles acn\u00e9icas y mixtas que purifica la piel, minimiza los poros y reducir las imperfecciones cut\u00e1neas. Vitamin A and Zinc, Aloe vera extract, Chamomile Extract 250ml\",\"breadcrumb\":{\"@id\":\"https:\\\/\\\/www.pressensa.shop\\\/en\\\/producto\\\/gel-antiacne\\\/#breadcrumb\"},\"inLanguage\":\"en-US\",\"potentialAction\":[{\"@type\":\"ReadAction\",\"target\":[\"https:\\\/\\\/www.pressensa.shop\\\/en\\\/producto\\\/gel-antiacne\\\/\"]}]},{\"@type\":\"ImageObject\",\"inLanguage\":\"en-US\",\"@id\":\"https:\\\/\\\/www.pressensa.shop\\\/en\\\/producto\\\/gel-antiacne\\\/#primaryimage\",\"url\":\"https:\\\/\\\/www.pressensa.shop\\\/wp-content\\\/uploads\\\/2022\\\/07\\\/ACNOLESS-GRANDE.webp\",\"contentUrl\":\"https:\\\/\\\/www.pressensa.shop\\\/wp-content\\\/uploads\\\/2022\\\/07\\\/ACNOLESS-GRANDE.webp\",\"width\":2160,\"height\":2160},{\"@type\":\"BreadcrumbList\",\"@id\":\"https:\\\/\\\/www.pressensa.shop\\\/en\\\/producto\\\/gel-antiacne\\\/#breadcrumb\",\"itemListElement\":[{\"@type\":\"ListItem\",\"position\":1,\"name\":\"Portada\",\"item\":\"https:\\\/\\\/www.pressensa.shop\\\/en\\\/\"},{\"@type\":\"ListItem\",\"position\":2,\"name\":\"Store\",\"item\":\"https:\\\/\\\/www.pressensa.shop\\\/shop\\\/?lang=en\"},{\"@type\":\"ListItem\",\"position\":3,\"name\":\"Acnolesse\"}]},{\"@type\":\"WebSite\",\"@id\":\"https:\\\/\\\/www.pressensa.shop\\\/en\\\/#website\",\"url\":\"https:\\\/\\\/www.pressensa.shop\\\/en\\\/\",\"name\":\"Pressensa\",\"description\":\"fabricante de productos de dermocosmetica, estetica y medicina est\u00e9tica.\",\"publisher\":{\"@id\":\"https:\\\/\\\/www.pressensa.shop\\\/en\\\/#organization\"},\"potentialAction\":[{\"@type\":\"SearchAction\",\"target\":{\"@type\":\"EntryPoint\",\"urlTemplate\":\"https:\\\/\\\/www.pressensa.shop\\\/en\\\/?s={search_term_string}\"},\"query-input\":{\"@type\":\"PropertyValueSpecification\",\"valueRequired\":true,\"valueName\":\"search_term_string\"}}],\"inLanguage\":\"en-US\"},{\"@type\":\"Organization\",\"@id\":\"https:\\\/\\\/www.pressensa.shop\\\/en\\\/#organization\",\"name\":\"Pressensa\",\"url\":\"https:\\\/\\\/www.pressensa.shop\\\/en\\\/\",\"logo\":{\"@type\":\"ImageObject\",\"inLanguage\":\"en-US\",\"@id\":\"https:\\\/\\\/www.pressensa.shop\\\/en\\\/#\\\/schema\\\/logo\\\/image\\\/\",\"url\":\"https:\\\/\\\/www.pressensa.shop\\\/wp-content\\\/uploads\\\/2022\\\/06\\\/Recurso-24.png\",\"contentUrl\":\"https:\\\/\\\/www.pressensa.shop\\\/wp-content\\\/uploads\\\/2022\\\/06\\\/Recurso-24.png\",\"width\":281,\"height\":131,\"caption\":\"Pressensa\"},\"image\":{\"@id\":\"https:\\\/\\\/www.pressensa.shop\\\/en\\\/#\\\/schema\\\/logo\\\/image\\\/\"}}]}<\/script>\n<!-- \/ Yoast SEO plugin. -->","yoast_head_json":{"title":"Buy anti-acne gel for aesthetic centers","description":"Crema Gel para acn\u00e9 para pieles acn\u00e9icas y mixtas que purifica la piel, minimiza los poros y reducir las imperfecciones cut\u00e1neas. Vitamin A and Zinc, Aloe vera extract, Chamomile Extract 250ml","robots":{"index":"noindex","follow":"nofollow"},"og_locale":"en_US","og_type":"article","og_title":"Buy anti-acne gel for aesthetic centers","og_description":"Crema Gel para acn\u00e9 para pieles acn\u00e9icas y mixtas que purifica la piel, minimiza los poros y reducir las imperfecciones cut\u00e1neas. Vitamin A and Zinc, Aloe vera extract, Chamomile Extract 250ml","og_url":"https:\/\/www.pressensa.shop\/en\/producto\/gel-antiacne\/","og_site_name":"Pressensa","article_modified_time":"2026-04-22T11:23:31+00:00","og_image":[{"width":2160,"height":2160,"url":"https:\/\/www.pressensa.shop\/wp-content\/uploads\/2022\/07\/ACNOLESS-GRANDE.webp","type":"image\/webp"}],"twitter_card":"summary_large_image","schema":{"@context":"https:\/\/schema.org","@graph":[{"@type":"WebPage","@id":"https:\/\/www.pressensa.shop\/en\/producto\/gel-antiacne\/","url":"https:\/\/www.pressensa.shop\/en\/producto\/gel-antiacne\/","name":"Buy anti-acne gel for aesthetic centers","isPartOf":{"@id":"https:\/\/www.pressensa.shop\/en\/#website"},"primaryImageOfPage":{"@id":"https:\/\/www.pressensa.shop\/en\/producto\/gel-antiacne\/#primaryimage"},"image":{"@id":"https:\/\/www.pressensa.shop\/en\/producto\/gel-antiacne\/#primaryimage"},"thumbnailUrl":"https:\/\/www.pressensa.shop\/wp-content\/uploads\/2022\/07\/ACNOLESS-GRANDE.webp","datePublished":"2022-07-21T11:10:09+00:00","dateModified":"2026-04-22T11:23:31+00:00","description":"Crema Gel para acn\u00e9 para pieles acn\u00e9icas y mixtas que purifica la piel, minimiza los poros y reducir las imperfecciones cut\u00e1neas. Vitamin A and Zinc, Aloe vera extract, Chamomile Extract 250ml","breadcrumb":{"@id":"https:\/\/www.pressensa.shop\/en\/producto\/gel-antiacne\/#breadcrumb"},"inLanguage":"en-US","potentialAction":[{"@type":"ReadAction","target":["https:\/\/www.pressensa.shop\/en\/producto\/gel-antiacne\/"]}]},{"@type":"ImageObject","inLanguage":"en-US","@id":"https:\/\/www.pressensa.shop\/en\/producto\/gel-antiacne\/#primaryimage","url":"https:\/\/www.pressensa.shop\/wp-content\/uploads\/2022\/07\/ACNOLESS-GRANDE.webp","contentUrl":"https:\/\/www.pressensa.shop\/wp-content\/uploads\/2022\/07\/ACNOLESS-GRANDE.webp","width":2160,"height":2160},{"@type":"BreadcrumbList","@id":"https:\/\/www.pressensa.shop\/en\/producto\/gel-antiacne\/#breadcrumb","itemListElement":[{"@type":"ListItem","position":1,"name":"Portada","item":"https:\/\/www.pressensa.shop\/en\/"},{"@type":"ListItem","position":2,"name":"Store","item":"https:\/\/www.pressensa.shop\/shop\/?lang=en"},{"@type":"ListItem","position":3,"name":"Acnolesse"}]},{"@type":"WebSite","@id":"https:\/\/www.pressensa.shop\/en\/#website","url":"https:\/\/www.pressensa.shop\/en\/","name":"Pressensa","description":"fabricante de productos de dermocosmetica, estetica y medicina est\u00e9tica.","publisher":{"@id":"https:\/\/www.pressensa.shop\/en\/#organization"},"potentialAction":[{"@type":"SearchAction","target":{"@type":"EntryPoint","urlTemplate":"https:\/\/www.pressensa.shop\/en\/?s={search_term_string}"},"query-input":{"@type":"PropertyValueSpecification","valueRequired":true,"valueName":"search_term_string"}}],"inLanguage":"en-US"},{"@type":"Organization","@id":"https:\/\/www.pressensa.shop\/en\/#organization","name":"Pressensa","url":"https:\/\/www.pressensa.shop\/en\/","logo":{"@type":"ImageObject","inLanguage":"en-US","@id":"https:\/\/www.pressensa.shop\/en\/#\/schema\/logo\/image\/","url":"https:\/\/www.pressensa.shop\/wp-content\/uploads\/2022\/06\/Recurso-24.png","contentUrl":"https:\/\/www.pressensa.shop\/wp-content\/uploads\/2022\/06\/Recurso-24.png","width":281,"height":131,"caption":"Pressensa"},"image":{"@id":"https:\/\/www.pressensa.shop\/en\/#\/schema\/logo\/image\/"}}]}},"_links":{"self":[{"href":"https:\/\/www.pressensa.shop\/en\/wp-json\/wp\/v2\/product\/4567","targetHints":{"allow":["GET"]}}],"collection":[{"href":"https:\/\/www.pressensa.shop\/en\/wp-json\/wp\/v2\/product"}],"about":[{"href":"https:\/\/www.pressensa.shop\/en\/wp-json\/wp\/v2\/types\/product"}],"replies":[{"embeddable":true,"href":"https:\/\/www.pressensa.shop\/en\/wp-json\/wp\/v2\/comments?post=4567"}],"version-history":[{"count":0,"href":"https:\/\/www.pressensa.shop\/en\/wp-json\/wp\/v2\/product\/4567\/revisions"}],"wp:featuredmedia":[{"embeddable":true,"href":"https:\/\/www.pressensa.shop\/en\/wp-json\/wp\/v2\/media\/23462"}],"wp:attachment":[{"href":"https:\/\/www.pressensa.shop\/en\/wp-json\/wp\/v2\/media?parent=4567"}],"wp:term":[{"taxonomy":"product_brand","embeddable":true,"href":"https:\/\/www.pressensa.shop\/en\/wp-json\/wp\/v2\/product_brand?post=4567"},{"taxonomy":"product_cat","embeddable":true,"href":"https:\/\/www.pressensa.shop\/en\/wp-json\/wp\/v2\/product_cat?post=4567"},{"taxonomy":"product_tag","embeddable":true,"href":"https:\/\/www.pressensa.shop\/en\/wp-json\/wp\/v2\/product_tag?post=4567"}],"curies":[{"name":"wp","href":"https:\/\/api.w.org\/{rel}","templated":true}]}}

<!-- This site is optimized with the Yoast SEO plugin v27.5 - https://yoast.com/product/yoast-seo-wordpress/ -->
<title>Buy anti-acne gel for aesthetic centers</title>
<meta name="description" content="Crema Gel para acné para pieles acnéicas y mixtas que purifica la piel, minimiza los poros y reducir las imperfecciones cutáneas. Vitamin A and Zinc, Aloe vera extract, Chamomile Extract 250ml" />
<meta name="robots" content="noindex, nofollow" />
<meta property="og:locale" content="en_US" />
<meta property="og:type" content="article" />
<meta property="og:title" content="Buy anti-acne gel for aesthetic centers" />
<meta property="og:description" content="Crema Gel para acné para pieles acnéicas y mixtas que purifica la piel, minimiza los poros y reducir las imperfecciones cutáneas. Vitamin A and Zinc, Aloe vera extract, Chamomile Extract 250ml" />
<meta property="og:url" content="https://www.pressensa.shop/en/producto/gel-antiacne/" />
<meta property="og:site_name" content="Pressensa" />
<meta property="article:modified_time" content="2026-04-22T11:23:31+00:00" />
<meta property="og:image" content="https://www.pressensa.shop/wp-content/uploads/2022/07/ACNOLESS-GRANDE.webp" />
	<meta property="og:image:width" content="2160" />
	<meta property="og:image:height" content="2160" />
	<meta property="og:image:type" content="image/webp" />
<meta name="twitter:card" content="summary_large_image" />
<script type="application/ld+json" class="yoast-schema-graph">{"@context":"https:\/\/schema.org","@graph":[{"@type":"WebPage","@id":"https:\/\/www.pressensa.shop\/en\/producto\/gel-antiacne\/","url":"https:\/\/www.pressensa.shop\/en\/producto\/gel-antiacne\/","name":"Buy anti-acne gel for aesthetic centers","isPartOf":{"@id":"https:\/\/www.pressensa.shop\/en\/#website"},"primaryImageOfPage":{"@id":"https:\/\/www.pressensa.shop\/en\/producto\/gel-antiacne\/#primaryimage"},"image":{"@id":"https:\/\/www.pressensa.shop\/en\/producto\/gel-antiacne\/#primaryimage"},"thumbnailUrl":"https:\/\/www.pressensa.shop\/wp-content\/uploads\/2022\/07\/ACNOLESS-GRANDE.webp","datePublished":"2022-07-21T11:10:09+00:00","dateModified":"2026-04-22T11:23:31+00:00","description":"Crema Gel para acné para pieles acnéicas y mixtas que purifica la piel, minimiza los poros y reducir las imperfecciones cutáneas. Vitamin A and Zinc, Aloe vera extract, Chamomile Extract 250ml","breadcrumb":{"@id":"https:\/\/www.pressensa.shop\/en\/producto\/gel-antiacne\/#breadcrumb"},"inLanguage":"en-US","potentialAction":[{"@type":"ReadAction","target":["https:\/\/www.pressensa.shop\/en\/producto\/gel-antiacne\/"]}]},{"@type":"ImageObject","inLanguage":"en-US","@id":"https:\/\/www.pressensa.shop\/en\/producto\/gel-antiacne\/#primaryimage","url":"https:\/\/www.pressensa.shop\/wp-content\/uploads\/2022\/07\/ACNOLESS-GRANDE.webp","contentUrl":"https:\/\/www.pressensa.shop\/wp-content\/uploads\/2022\/07\/ACNOLESS-GRANDE.webp","width":2160,"height":2160},{"@type":"BreadcrumbList","@id":"https:\/\/www.pressensa.shop\/en\/producto\/gel-antiacne\/#breadcrumb","itemListElement":[{"@type":"ListItem","position":1,"name":"Portada","item":"https:\/\/www.pressensa.shop\/en\/"},{"@type":"ListItem","position":2,"name":"Store","item":"https:\/\/www.pressensa.shop\/shop\/?lang=en"},{"@type":"ListItem","position":3,"name":"Acnolesse"}]},{"@type":"WebSite","@id":"https:\/\/www.pressensa.shop\/en\/#website","url":"https:\/\/www.pressensa.shop\/en\/","name":"Pressensa","description":"fabricante de productos de dermocosmetica, estetica y medicina estética.","publisher":{"@id":"https:\/\/www.pressensa.shop\/en\/#organization"},"potentialAction":[{"@type":"SearchAction","target":{"@type":"EntryPoint","urlTemplate":"https:\/\/www.pressensa.shop\/en\/?s={search_term_string}"},"query-input":{"@type":"PropertyValueSpecification","valueRequired":true,"valueName":"search_term_string"}}],"inLanguage":"en-US"},{"@type":"Organization","@id":"https:\/\/www.pressensa.shop\/en\/#organization","name":"Pressensa","url":"https:\/\/www.pressensa.shop\/en\/","logo":{"@type":"ImageObject","inLanguage":"en-US","@id":"https:\/\/www.pressensa.shop\/en\/#\/schema\/logo\/image\/","url":"https:\/\/www.pressensa.shop\/wp-content\/uploads\/2022\/06\/Recurso-24.png","contentUrl":"https:\/\/www.pressensa.shop\/wp-content\/uploads\/2022\/06\/Recurso-24.png","width":281,"height":131,"caption":"Pressensa"},"image":{"@id":"https:\/\/www.pressensa.shop\/en\/#\/schema\/logo\/image\/"}}]}</script>
<!-- / Yoast SEO plugin. -->

Crema Gel para acné para pieles acnéicas y mixtas que purifica la piel, minimiza los poros y reducir las imperfecciones cutáneas. Vitamin A and Zinc, Aloe vera extract, Chamomile Extract 250ml

fabricante de productos de dermocosmetica, estetica y medicina estética.
