{"id":20421,"date":"2025-02-14T14:00:30","date_gmt":"2025-02-14T13:00:30","guid":{"rendered":"https:\/\/www.pressensa.shop\/?post_type=product&#038;p=20421"},"modified":"2025-09-25T10:56:33","modified_gmt":"2025-09-25T08:56:33","slug":"reducelite-gel-minceur-chauffant","status":"publish","type":"product","link":"https:\/\/www.pressensa.shop\/fr\/produit\/reducelite-gel-minceur-chauffant\/","title":{"rendered":"ReduCelite Gel Minceur Chauffant \u2013 250 ml"},"content":{"rendered":"<p><strong>Composants<\/strong><\/p>\n<h3>Provislim\u2122<\/h3>\n<h3>Cafe\u00edna<\/h3>\n<h3>Carnitina<\/h3>\n<h3>Silicium organique<\/h3>\n<p>250ml<\/p>\n","protected":false},"excerpt":{"rendered":"<h2>ReduCelite- Dites adieu \u00e0 la cellulite avec une chaleur active !<\/h2>\n<h2>ReduCelite est votre alli\u00e9 parfait pour combattre la cellulite et r\u00e9duire la graisse localis\u00e9e.<\/h2>\n<p>Sa formule chauffante avanc\u00e9e active la circulation, favorise l&rsquo;\u00e9limination des graisses et laisse votre peau plus ferme et uniforme.<\/p>\n<p>Id\u00e9al \u00e0 utiliser avant votre s\u00e9ance d&rsquo;entra\u00eenement, car son action thermique am\u00e9liore les r\u00e9sultats de l&rsquo;exercice en acc\u00e9l\u00e9rant la d\u00e9gradation des graisses accumul\u00e9es.<\/p>\n<h2>Ingr\u00e9dients Cl\u00e9s et Avantages<\/h2>\n<p><strong>Caf\u00e9ine et la carnitine<\/strong> Stimulent la combustion des graisses localis\u00e9es et aident \u00e0 r\u00e9duire visiblement la cellulite.<br \/>\n<strong> Provislim\u2122 :<\/strong> Combinaison innovante d&rsquo;actifs naturels qui ciblent directement le tissu adipeux, favorisant sa r\u00e9duction.<br \/>\n<strong> Silicium Organique :<\/strong> Raffermit, am\u00e9liore l&rsquo;\u00e9lasticit\u00e9 et renforce la peau, la rendant plus lisse et tonifi\u00e9e.<\/p>\n<h2>Mode d&rsquo;Emploi :<\/h2>\n<p>Appliquez le gel sur une peau propre, en massant par mouvements circulaires jusqu&rsquo;\u00e0 absorption compl\u00e8te. Pour de meilleurs r\u00e9sultats, utilisez-le avant votre s\u00e9ance d&rsquo;entra\u00eenement ou dans le cadre de votre routine anti-cellulite quotidienne.<\/p>\n<h2>Conseil :<\/h2>\n<p>Compl\u00e9tez votre traitement avec notre gel rafra\u00eechissant Profirming pour une action raffermissante encore plus puissante.<\/p>\n<p><strong>\u00a1ReduCelite vous aide \u00e0 obtenir une peau plus ferme, plus lisse et sans cellulite !<\/strong><\/p>\n","protected":false},"featured_media":23035,"comment_status":"open","ping_status":"closed","template":"","meta":[],"product_brand":[],"product_cat":[79],"product_tag":[],"class_list":{"0":"post-20421","1":"product","2":"type-product","3":"status-publish","4":"has-post-thumbnail","6":"product_cat-home-care-fr","8":"first","9":"instock","10":"sale","11":"taxable","12":"shipping-taxable","13":"purchasable","14":"product-type-simple"},"yoast_head":"<!-- This site is optimized with the Yoast SEO plugin v27.4 - https:\/\/yoast.com\/product\/yoast-seo-wordpress\/ -->\n<title>ReduCelite- Dites adieu \u00e0 la cellulite avec une chaleur active !<\/title>\n<meta name=\"description\" content=\"ReduCelite est votre alli\u00e9 parfait pour combattre la cellulite et r\u00e9duire la graisse localis\u00e9e. Dites adieu \u00e0 la cellulite avec une chaleur active !\" \/>\n<meta name=\"robots\" content=\"index, follow, max-snippet:-1, max-image-preview:large, max-video-preview:-1\" \/>\n<link rel=\"canonical\" href=\"https:\/\/www.pressensa.shop\/fr\/produit\/reducelite-gel-minceur-chauffant\/\" \/>\n<meta property=\"og:locale\" content=\"fr_FR\" \/>\n<meta property=\"og:type\" content=\"article\" \/>\n<meta property=\"og:title\" content=\"ReduCelite- Dites adieu \u00e0 la cellulite avec une chaleur active !\" \/>\n<meta property=\"og:description\" content=\"ReduCelite est votre alli\u00e9 parfait pour combattre la cellulite et r\u00e9duire la graisse localis\u00e9e. Dites adieu \u00e0 la cellulite avec une chaleur active !\" \/>\n<meta property=\"og:url\" content=\"https:\/\/www.pressensa.shop\/fr\/produit\/reducelite-gel-minceur-chauffant\/\" \/>\n<meta property=\"og:site_name\" content=\"Pressensa\" \/>\n<meta property=\"article:modified_time\" content=\"2025-09-25T08:56:33+00:00\" \/>\n<meta property=\"og:image\" content=\"https:\/\/www.pressensa.shop\/wp-content\/uploads\/2025\/05\/REDUCELITE-GRANDE-1.jpg\" \/>\n\t<meta property=\"og:image:width\" content=\"1920\" \/>\n\t<meta property=\"og:image:height\" content=\"1920\" \/>\n\t<meta property=\"og:image:type\" content=\"image\/jpeg\" \/>\n<meta name=\"twitter:card\" content=\"summary_large_image\" \/>\n<script type=\"application\/ld+json\" class=\"yoast-schema-graph\">{\"@context\":\"https:\\\/\\\/schema.org\",\"@graph\":[{\"@type\":\"WebPage\",\"@id\":\"https:\\\/\\\/www.pressensa.shop\\\/fr\\\/produit\\\/reducelite-gel-minceur-chauffant\\\/\",\"url\":\"https:\\\/\\\/www.pressensa.shop\\\/fr\\\/produit\\\/reducelite-gel-minceur-chauffant\\\/\",\"name\":\"ReduCelite- Dites adieu \u00e0 la cellulite avec une chaleur active !\",\"isPartOf\":{\"@id\":\"https:\\\/\\\/www.pressensa.shop\\\/fr\\\/#website\"},\"primaryImageOfPage\":{\"@id\":\"https:\\\/\\\/www.pressensa.shop\\\/fr\\\/produit\\\/reducelite-gel-minceur-chauffant\\\/#primaryimage\"},\"image\":{\"@id\":\"https:\\\/\\\/www.pressensa.shop\\\/fr\\\/produit\\\/reducelite-gel-minceur-chauffant\\\/#primaryimage\"},\"thumbnailUrl\":\"https:\\\/\\\/www.pressensa.shop\\\/wp-content\\\/uploads\\\/2025\\\/05\\\/REDUCELITE-GRANDE-1.jpg\",\"datePublished\":\"2025-02-14T13:00:30+00:00\",\"dateModified\":\"2025-09-25T08:56:33+00:00\",\"description\":\"ReduCelite est votre alli\u00e9 parfait pour combattre la cellulite et r\u00e9duire la graisse localis\u00e9e. Dites adieu \u00e0 la cellulite avec une chaleur active !\",\"breadcrumb\":{\"@id\":\"https:\\\/\\\/www.pressensa.shop\\\/fr\\\/produit\\\/reducelite-gel-minceur-chauffant\\\/#breadcrumb\"},\"inLanguage\":\"fr-FR\",\"potentialAction\":[{\"@type\":\"ReadAction\",\"target\":[\"https:\\\/\\\/www.pressensa.shop\\\/fr\\\/produit\\\/reducelite-gel-minceur-chauffant\\\/\"]}]},{\"@type\":\"ImageObject\",\"inLanguage\":\"fr-FR\",\"@id\":\"https:\\\/\\\/www.pressensa.shop\\\/fr\\\/produit\\\/reducelite-gel-minceur-chauffant\\\/#primaryimage\",\"url\":\"https:\\\/\\\/www.pressensa.shop\\\/wp-content\\\/uploads\\\/2025\\\/05\\\/REDUCELITE-GRANDE-1.jpg\",\"contentUrl\":\"https:\\\/\\\/www.pressensa.shop\\\/wp-content\\\/uploads\\\/2025\\\/05\\\/REDUCELITE-GRANDE-1.jpg\",\"width\":1920,\"height\":1920},{\"@type\":\"BreadcrumbList\",\"@id\":\"https:\\\/\\\/www.pressensa.shop\\\/fr\\\/produit\\\/reducelite-gel-minceur-chauffant\\\/#breadcrumb\",\"itemListElement\":[{\"@type\":\"ListItem\",\"position\":1,\"name\":\"Portada\",\"item\":\"https:\\\/\\\/www.pressensa.shop\\\/fr\\\/\"},{\"@type\":\"ListItem\",\"position\":2,\"name\":\"Boutique\",\"item\":\"https:\\\/\\\/www.pressensa.shop\\\/fr\\\/boutique\\\/\"},{\"@type\":\"ListItem\",\"position\":3,\"name\":\"ReduCelite Gel Minceur Chauffant \u2013 250 ml\"}]},{\"@type\":\"WebSite\",\"@id\":\"https:\\\/\\\/www.pressensa.shop\\\/fr\\\/#website\",\"url\":\"https:\\\/\\\/www.pressensa.shop\\\/fr\\\/\",\"name\":\"Pressensa\",\"description\":\"fabricante de productos de dermocosmetica, estetica y medicina est\u00e9tica.\",\"publisher\":{\"@id\":\"https:\\\/\\\/www.pressensa.shop\\\/fr\\\/#organization\"},\"potentialAction\":[{\"@type\":\"SearchAction\",\"target\":{\"@type\":\"EntryPoint\",\"urlTemplate\":\"https:\\\/\\\/www.pressensa.shop\\\/fr\\\/?s={search_term_string}\"},\"query-input\":{\"@type\":\"PropertyValueSpecification\",\"valueRequired\":true,\"valueName\":\"search_term_string\"}}],\"inLanguage\":\"fr-FR\"},{\"@type\":\"Organization\",\"@id\":\"https:\\\/\\\/www.pressensa.shop\\\/fr\\\/#organization\",\"name\":\"Pressensa\",\"url\":\"https:\\\/\\\/www.pressensa.shop\\\/fr\\\/\",\"logo\":{\"@type\":\"ImageObject\",\"inLanguage\":\"fr-FR\",\"@id\":\"https:\\\/\\\/www.pressensa.shop\\\/fr\\\/#\\\/schema\\\/logo\\\/image\\\/\",\"url\":\"https:\\\/\\\/www.pressensa.shop\\\/wp-content\\\/uploads\\\/2022\\\/06\\\/Recurso-24.png\",\"contentUrl\":\"https:\\\/\\\/www.pressensa.shop\\\/wp-content\\\/uploads\\\/2022\\\/06\\\/Recurso-24.png\",\"width\":281,\"height\":131,\"caption\":\"Pressensa\"},\"image\":{\"@id\":\"https:\\\/\\\/www.pressensa.shop\\\/fr\\\/#\\\/schema\\\/logo\\\/image\\\/\"}}]}<\/script>\n<!-- \/ Yoast SEO plugin. -->","yoast_head_json":{"title":"ReduCelite- Dites adieu \u00e0 la cellulite avec une chaleur active !","description":"ReduCelite est votre alli\u00e9 parfait pour combattre la cellulite et r\u00e9duire la graisse localis\u00e9e. Dites adieu \u00e0 la cellulite avec une chaleur active !","robots":{"index":"index","follow":"follow","max-snippet":"max-snippet:-1","max-image-preview":"max-image-preview:large","max-video-preview":"max-video-preview:-1"},"canonical":"https:\/\/www.pressensa.shop\/fr\/produit\/reducelite-gel-minceur-chauffant\/","og_locale":"fr_FR","og_type":"article","og_title":"ReduCelite- Dites adieu \u00e0 la cellulite avec une chaleur active !","og_description":"ReduCelite est votre alli\u00e9 parfait pour combattre la cellulite et r\u00e9duire la graisse localis\u00e9e. Dites adieu \u00e0 la cellulite avec une chaleur active !","og_url":"https:\/\/www.pressensa.shop\/fr\/produit\/reducelite-gel-minceur-chauffant\/","og_site_name":"Pressensa","article_modified_time":"2025-09-25T08:56:33+00:00","og_image":[{"width":1920,"height":1920,"url":"https:\/\/www.pressensa.shop\/wp-content\/uploads\/2025\/05\/REDUCELITE-GRANDE-1.jpg","type":"image\/jpeg"}],"twitter_card":"summary_large_image","schema":{"@context":"https:\/\/schema.org","@graph":[{"@type":"WebPage","@id":"https:\/\/www.pressensa.shop\/fr\/produit\/reducelite-gel-minceur-chauffant\/","url":"https:\/\/www.pressensa.shop\/fr\/produit\/reducelite-gel-minceur-chauffant\/","name":"ReduCelite- Dites adieu \u00e0 la cellulite avec une chaleur active !","isPartOf":{"@id":"https:\/\/www.pressensa.shop\/fr\/#website"},"primaryImageOfPage":{"@id":"https:\/\/www.pressensa.shop\/fr\/produit\/reducelite-gel-minceur-chauffant\/#primaryimage"},"image":{"@id":"https:\/\/www.pressensa.shop\/fr\/produit\/reducelite-gel-minceur-chauffant\/#primaryimage"},"thumbnailUrl":"https:\/\/www.pressensa.shop\/wp-content\/uploads\/2025\/05\/REDUCELITE-GRANDE-1.jpg","datePublished":"2025-02-14T13:00:30+00:00","dateModified":"2025-09-25T08:56:33+00:00","description":"ReduCelite est votre alli\u00e9 parfait pour combattre la cellulite et r\u00e9duire la graisse localis\u00e9e. Dites adieu \u00e0 la cellulite avec une chaleur active !","breadcrumb":{"@id":"https:\/\/www.pressensa.shop\/fr\/produit\/reducelite-gel-minceur-chauffant\/#breadcrumb"},"inLanguage":"fr-FR","potentialAction":[{"@type":"ReadAction","target":["https:\/\/www.pressensa.shop\/fr\/produit\/reducelite-gel-minceur-chauffant\/"]}]},{"@type":"ImageObject","inLanguage":"fr-FR","@id":"https:\/\/www.pressensa.shop\/fr\/produit\/reducelite-gel-minceur-chauffant\/#primaryimage","url":"https:\/\/www.pressensa.shop\/wp-content\/uploads\/2025\/05\/REDUCELITE-GRANDE-1.jpg","contentUrl":"https:\/\/www.pressensa.shop\/wp-content\/uploads\/2025\/05\/REDUCELITE-GRANDE-1.jpg","width":1920,"height":1920},{"@type":"BreadcrumbList","@id":"https:\/\/www.pressensa.shop\/fr\/produit\/reducelite-gel-minceur-chauffant\/#breadcrumb","itemListElement":[{"@type":"ListItem","position":1,"name":"Portada","item":"https:\/\/www.pressensa.shop\/fr\/"},{"@type":"ListItem","position":2,"name":"Boutique","item":"https:\/\/www.pressensa.shop\/fr\/boutique\/"},{"@type":"ListItem","position":3,"name":"ReduCelite Gel Minceur Chauffant \u2013 250 ml"}]},{"@type":"WebSite","@id":"https:\/\/www.pressensa.shop\/fr\/#website","url":"https:\/\/www.pressensa.shop\/fr\/","name":"Pressensa","description":"fabricante de productos de dermocosmetica, estetica y medicina est\u00e9tica.","publisher":{"@id":"https:\/\/www.pressensa.shop\/fr\/#organization"},"potentialAction":[{"@type":"SearchAction","target":{"@type":"EntryPoint","urlTemplate":"https:\/\/www.pressensa.shop\/fr\/?s={search_term_string}"},"query-input":{"@type":"PropertyValueSpecification","valueRequired":true,"valueName":"search_term_string"}}],"inLanguage":"fr-FR"},{"@type":"Organization","@id":"https:\/\/www.pressensa.shop\/fr\/#organization","name":"Pressensa","url":"https:\/\/www.pressensa.shop\/fr\/","logo":{"@type":"ImageObject","inLanguage":"fr-FR","@id":"https:\/\/www.pressensa.shop\/fr\/#\/schema\/logo\/image\/","url":"https:\/\/www.pressensa.shop\/wp-content\/uploads\/2022\/06\/Recurso-24.png","contentUrl":"https:\/\/www.pressensa.shop\/wp-content\/uploads\/2022\/06\/Recurso-24.png","width":281,"height":131,"caption":"Pressensa"},"image":{"@id":"https:\/\/www.pressensa.shop\/fr\/#\/schema\/logo\/image\/"}}]}},"_links":{"self":[{"href":"https:\/\/www.pressensa.shop\/fr\/wp-json\/wp\/v2\/product\/20421","targetHints":{"allow":["GET"]}}],"collection":[{"href":"https:\/\/www.pressensa.shop\/fr\/wp-json\/wp\/v2\/product"}],"about":[{"href":"https:\/\/www.pressensa.shop\/fr\/wp-json\/wp\/v2\/types\/product"}],"replies":[{"embeddable":true,"href":"https:\/\/www.pressensa.shop\/fr\/wp-json\/wp\/v2\/comments?post=20421"}],"version-history":[{"count":0,"href":"https:\/\/www.pressensa.shop\/fr\/wp-json\/wp\/v2\/product\/20421\/revisions"}],"wp:featuredmedia":[{"embeddable":true,"href":"https:\/\/www.pressensa.shop\/fr\/wp-json\/wp\/v2\/media\/23035"}],"wp:attachment":[{"href":"https:\/\/www.pressensa.shop\/fr\/wp-json\/wp\/v2\/media?parent=20421"}],"wp:term":[{"taxonomy":"product_brand","embeddable":true,"href":"https:\/\/www.pressensa.shop\/fr\/wp-json\/wp\/v2\/product_brand?post=20421"},{"taxonomy":"product_cat","embeddable":true,"href":"https:\/\/www.pressensa.shop\/fr\/wp-json\/wp\/v2\/product_cat?post=20421"},{"taxonomy":"product_tag","embeddable":true,"href":"https:\/\/www.pressensa.shop\/fr\/wp-json\/wp\/v2\/product_tag?post=20421"}],"curies":[{"name":"wp","href":"https:\/\/api.w.org\/{rel}","templated":true}]}}

<p><strong>Composants</strong></p>
<h3>Provislim™</h3>
<h3>Cafeína</h3>
<h3>Carnitina</h3>
<h3>Silicium organique</h3>
<p>250ml</p>

<h2>ReduCelite- Dites adieu à la cellulite avec une chaleur active !</h2>
<h2>ReduCelite est votre allié parfait pour combattre la cellulite et réduire la graisse localisée.</h2>
<p>Sa formule chauffante avancée active la circulation, favorise l&rsquo;élimination des graisses et laisse votre peau plus ferme et uniforme.</p>
<p>Idéal à utiliser avant votre séance d&rsquo;entraînement, car son action thermique améliore les résultats de l&rsquo;exercice en accélérant la dégradation des graisses accumulées.</p>
<h2>Ingrédients Clés et Avantages</h2>
<p><strong>Caféine et la carnitine</strong> Stimulent la combustion des graisses localisées et aident à réduire visiblement la cellulite.<br />
<strong> Provislim™ :</strong> Combinaison innovante d&rsquo;actifs naturels qui ciblent directement le tissu adipeux, favorisant sa réduction.<br />
<strong> Silicium Organique :</strong> Raffermit, améliore l&rsquo;élasticité et renforce la peau, la rendant plus lisse et tonifiée.</p>
<h2>Mode d&rsquo;Emploi :</h2>
<p>Appliquez le gel sur une peau propre, en massant par mouvements circulaires jusqu&rsquo;à absorption complète. Pour de meilleurs résultats, utilisez-le avant votre séance d&rsquo;entraînement ou dans le cadre de votre routine anti-cellulite quotidienne.</p>
<h2>Conseil :</h2>
<p>Complétez votre traitement avec notre gel rafraîchissant Profirming pour une action raffermissante encore plus puissante.</p>
<p><strong>¡ReduCelite vous aide à obtenir une peau plus ferme, plus lisse et sans cellulite !</strong></p>

<!-- This site is optimized with the Yoast SEO plugin v27.4 - https://yoast.com/product/yoast-seo-wordpress/ -->
<title>ReduCelite- Dites adieu à la cellulite avec une chaleur active !</title>
<meta name="description" content="ReduCelite est votre allié parfait pour combattre la cellulite et réduire la graisse localisée. Dites adieu à la cellulite avec une chaleur active !" />
<meta name="robots" content="index, follow, max-snippet:-1, max-image-preview:large, max-video-preview:-1" />
<link rel="canonical" href="https://www.pressensa.shop/fr/produit/reducelite-gel-minceur-chauffant/" />
<meta property="og:locale" content="fr_FR" />
<meta property="og:type" content="article" />
<meta property="og:title" content="ReduCelite- Dites adieu à la cellulite avec une chaleur active !" />
<meta property="og:description" content="ReduCelite est votre allié parfait pour combattre la cellulite et réduire la graisse localisée. Dites adieu à la cellulite avec une chaleur active !" />
<meta property="og:url" content="https://www.pressensa.shop/fr/produit/reducelite-gel-minceur-chauffant/" />
<meta property="og:site_name" content="Pressensa" />
<meta property="article:modified_time" content="2025-09-25T08:56:33+00:00" />
<meta property="og:image" content="https://www.pressensa.shop/wp-content/uploads/2025/05/REDUCELITE-GRANDE-1.jpg" />
	<meta property="og:image:width" content="1920" />
	<meta property="og:image:height" content="1920" />
	<meta property="og:image:type" content="image/jpeg" />
<meta name="twitter:card" content="summary_large_image" />
<script type="application/ld+json" class="yoast-schema-graph">{"@context":"https:\/\/schema.org","@graph":[{"@type":"WebPage","@id":"https:\/\/www.pressensa.shop\/fr\/produit\/reducelite-gel-minceur-chauffant\/","url":"https:\/\/www.pressensa.shop\/fr\/produit\/reducelite-gel-minceur-chauffant\/","name":"ReduCelite- Dites adieu à la cellulite avec une chaleur active !","isPartOf":{"@id":"https:\/\/www.pressensa.shop\/fr\/#website"},"primaryImageOfPage":{"@id":"https:\/\/www.pressensa.shop\/fr\/produit\/reducelite-gel-minceur-chauffant\/#primaryimage"},"image":{"@id":"https:\/\/www.pressensa.shop\/fr\/produit\/reducelite-gel-minceur-chauffant\/#primaryimage"},"thumbnailUrl":"https:\/\/www.pressensa.shop\/wp-content\/uploads\/2025\/05\/REDUCELITE-GRANDE-1.jpg","datePublished":"2025-02-14T13:00:30+00:00","dateModified":"2025-09-25T08:56:33+00:00","description":"ReduCelite est votre allié parfait pour combattre la cellulite et réduire la graisse localisée. Dites adieu à la cellulite avec une chaleur active !","breadcrumb":{"@id":"https:\/\/www.pressensa.shop\/fr\/produit\/reducelite-gel-minceur-chauffant\/#breadcrumb"},"inLanguage":"fr-FR","potentialAction":[{"@type":"ReadAction","target":["https:\/\/www.pressensa.shop\/fr\/produit\/reducelite-gel-minceur-chauffant\/"]}]},{"@type":"ImageObject","inLanguage":"fr-FR","@id":"https:\/\/www.pressensa.shop\/fr\/produit\/reducelite-gel-minceur-chauffant\/#primaryimage","url":"https:\/\/www.pressensa.shop\/wp-content\/uploads\/2025\/05\/REDUCELITE-GRANDE-1.jpg","contentUrl":"https:\/\/www.pressensa.shop\/wp-content\/uploads\/2025\/05\/REDUCELITE-GRANDE-1.jpg","width":1920,"height":1920},{"@type":"BreadcrumbList","@id":"https:\/\/www.pressensa.shop\/fr\/produit\/reducelite-gel-minceur-chauffant\/#breadcrumb","itemListElement":[{"@type":"ListItem","position":1,"name":"Portada","item":"https:\/\/www.pressensa.shop\/fr\/"},{"@type":"ListItem","position":2,"name":"Boutique","item":"https:\/\/www.pressensa.shop\/fr\/boutique\/"},{"@type":"ListItem","position":3,"name":"ReduCelite Gel Minceur Chauffant – 250 ml"}]},{"@type":"WebSite","@id":"https:\/\/www.pressensa.shop\/fr\/#website","url":"https:\/\/www.pressensa.shop\/fr\/","name":"Pressensa","description":"fabricante de productos de dermocosmetica, estetica y medicina estética.","publisher":{"@id":"https:\/\/www.pressensa.shop\/fr\/#organization"},"potentialAction":[{"@type":"SearchAction","target":{"@type":"EntryPoint","urlTemplate":"https:\/\/www.pressensa.shop\/fr\/?s={search_term_string}"},"query-input":{"@type":"PropertyValueSpecification","valueRequired":true,"valueName":"search_term_string"}}],"inLanguage":"fr-FR"},{"@type":"Organization","@id":"https:\/\/www.pressensa.shop\/fr\/#organization","name":"Pressensa","url":"https:\/\/www.pressensa.shop\/fr\/","logo":{"@type":"ImageObject","inLanguage":"fr-FR","@id":"https:\/\/www.pressensa.shop\/fr\/#\/schema\/logo\/image\/","url":"https:\/\/www.pressensa.shop\/wp-content\/uploads\/2022\/06\/Recurso-24.png","contentUrl":"https:\/\/www.pressensa.shop\/wp-content\/uploads\/2022\/06\/Recurso-24.png","width":281,"height":131,"caption":"Pressensa"},"image":{"@id":"https:\/\/www.pressensa.shop\/fr\/#\/schema\/logo\/image\/"}}]}</script>
<!-- / Yoast SEO plugin. -->

ReduCelite- Dites adieu à la cellulite avec une chaleur active !

ReduCelite est votre allié parfait pour combattre la cellulite et réduire la graisse localisée. Dites adieu à la cellulite avec une chaleur active !

fabricante de productos de dermocosmetica, estetica y medicina estética.
