{"id":20433,"date":"2025-02-17T11:38:18","date_gmt":"2025-02-17T10:38:18","guid":{"rendered":"https:\/\/www.pressensa.shop\/?post_type=product&#038;p=20433"},"modified":"2025-09-25T10:51:37","modified_gmt":"2025-09-25T08:51:37","slug":"profirming-gel-raffermissant-effet-froid","status":"publish","type":"product","link":"https:\/\/www.pressensa.shop\/fr\/produit\/profirming-gel-raffermissant-effet-froid\/","title":{"rendered":"ProFirming Gel Raffermissant Effet Froid \u2013 250 ml"},"content":{"rendered":"<p><strong>Composants<\/strong><\/p>\n<h3>Algisium C\u00ae<\/h3>\n<h3>Extrait botanique de pr\u00eale<\/h3>\n<h3>extrait de tilleul<\/h3>\n<h3>Manteca de Karit\u00e9<\/h3>\n","protected":false},"excerpt":{"rendered":"<h2>ProFirming Gel Raffermissant Effet Froid \u2013 250 ml<\/h2>\n<p>Fermet\u00e9 et fra\u00eecheur pour votre peau<\/p>\n<p><strong>ProFirming est un gel rafra\u00eechissant \u00e0 triple action qui transforme votre peau d\u00e8s la premi\u00e8re application.<\/strong><\/p>\n<p>Raffermit et tonifie les tissus, renforce les fibres structurelles et am\u00e9liore l&rsquo;\u00e9lasticit\u00e9.<br \/>\n<strong>Mode d&#8217;emploi :<\/strong> Appliquez par mouvements circulaires jusqu&rsquo;\u00e0 absorption compl\u00e8te. Id\u00e9al apr\u00e8s l&rsquo;exercice ou comme partie de votre routine quotidienne.<br \/>\nRetrouvez la fermet\u00e9 de votre peau avec ProFirming !<\/p>\n","protected":false},"featured_media":23018,"comment_status":"open","ping_status":"closed","template":"","meta":[],"product_brand":[],"product_cat":[79],"product_tag":[],"class_list":{"0":"post-20433","1":"product","2":"type-product","3":"status-publish","4":"has-post-thumbnail","6":"product_cat-home-care-fr","8":"first","9":"instock","10":"sale","11":"taxable","12":"shipping-taxable","13":"purchasable","14":"product-type-simple"},"yoast_head":"<!-- This site is optimized with the Yoast SEO plugin v27.5 - https:\/\/yoast.com\/product\/yoast-seo-wordpress\/ -->\n<title>Profirming \u00c9mulsion anti cellulite effet froid professionnel<\/title>\n<meta name=\"description\" content=\"\u00c9mulsion Concentr\u00e9.Effet Froid. Anti Cellulite, am\u00e9liore l&#039;\u00e9lasticit\u00e9, anti rel\u00e2chement. Usage professionnel combattre la cellulite 250ml.\" \/>\n<meta name=\"robots\" content=\"index, follow, max-snippet:-1, max-image-preview:large, max-video-preview:-1\" \/>\n<link rel=\"canonical\" href=\"https:\/\/www.pressensa.shop\/fr\/produit\/profirming-gel-raffermissant-effet-froid\/\" \/>\n<meta property=\"og:locale\" content=\"fr_FR\" \/>\n<meta property=\"og:type\" content=\"article\" \/>\n<meta property=\"og:title\" content=\"Profirming \u00c9mulsion anti cellulite effet froid professionnel\" \/>\n<meta property=\"og:description\" content=\"\u00c9mulsion Concentr\u00e9.Effet Froid. Anti Cellulite, am\u00e9liore l&#039;\u00e9lasticit\u00e9, anti rel\u00e2chement. Usage professionnel combattre la cellulite 250ml.\" \/>\n<meta property=\"og:url\" content=\"https:\/\/www.pressensa.shop\/fr\/produit\/profirming-gel-raffermissant-effet-froid\/\" \/>\n<meta property=\"og:site_name\" content=\"Pressensa\" \/>\n<meta property=\"article:modified_time\" content=\"2025-09-25T08:51:37+00:00\" \/>\n<meta property=\"og:image\" content=\"https:\/\/www.pressensa.shop\/wp-content\/uploads\/2025\/02\/PROFIRMING-GRANDE-1.jpg\" \/>\n\t<meta property=\"og:image:width\" content=\"1920\" \/>\n\t<meta property=\"og:image:height\" content=\"1920\" \/>\n\t<meta property=\"og:image:type\" content=\"image\/jpeg\" \/>\n<meta name=\"twitter:card\" content=\"summary_large_image\" \/>\n<script type=\"application\/ld+json\" class=\"yoast-schema-graph\">{\"@context\":\"https:\\\/\\\/schema.org\",\"@graph\":[{\"@type\":\"WebPage\",\"@id\":\"https:\\\/\\\/www.pressensa.shop\\\/fr\\\/produit\\\/profirming-gel-raffermissant-effet-froid\\\/\",\"url\":\"https:\\\/\\\/www.pressensa.shop\\\/fr\\\/produit\\\/profirming-gel-raffermissant-effet-froid\\\/\",\"name\":\"Profirming \u00c9mulsion anti cellulite effet froid professionnel\",\"isPartOf\":{\"@id\":\"https:\\\/\\\/www.pressensa.shop\\\/fr\\\/#website\"},\"primaryImageOfPage\":{\"@id\":\"https:\\\/\\\/www.pressensa.shop\\\/fr\\\/produit\\\/profirming-gel-raffermissant-effet-froid\\\/#primaryimage\"},\"image\":{\"@id\":\"https:\\\/\\\/www.pressensa.shop\\\/fr\\\/produit\\\/profirming-gel-raffermissant-effet-froid\\\/#primaryimage\"},\"thumbnailUrl\":\"https:\\\/\\\/www.pressensa.shop\\\/wp-content\\\/uploads\\\/2025\\\/02\\\/PROFIRMING-GRANDE-1.jpg\",\"datePublished\":\"2025-02-17T10:38:18+00:00\",\"dateModified\":\"2025-09-25T08:51:37+00:00\",\"description\":\"\u00c9mulsion Concentr\u00e9.Effet Froid. Anti Cellulite, am\u00e9liore l'\u00e9lasticit\u00e9, anti rel\u00e2chement. Usage professionnel combattre la cellulite 250ml.\",\"breadcrumb\":{\"@id\":\"https:\\\/\\\/www.pressensa.shop\\\/fr\\\/produit\\\/profirming-gel-raffermissant-effet-froid\\\/#breadcrumb\"},\"inLanguage\":\"fr-FR\",\"potentialAction\":[{\"@type\":\"ReadAction\",\"target\":[\"https:\\\/\\\/www.pressensa.shop\\\/fr\\\/produit\\\/profirming-gel-raffermissant-effet-froid\\\/\"]}]},{\"@type\":\"ImageObject\",\"inLanguage\":\"fr-FR\",\"@id\":\"https:\\\/\\\/www.pressensa.shop\\\/fr\\\/produit\\\/profirming-gel-raffermissant-effet-froid\\\/#primaryimage\",\"url\":\"https:\\\/\\\/www.pressensa.shop\\\/wp-content\\\/uploads\\\/2025\\\/02\\\/PROFIRMING-GRANDE-1.jpg\",\"contentUrl\":\"https:\\\/\\\/www.pressensa.shop\\\/wp-content\\\/uploads\\\/2025\\\/02\\\/PROFIRMING-GRANDE-1.jpg\",\"width\":1920,\"height\":1920},{\"@type\":\"BreadcrumbList\",\"@id\":\"https:\\\/\\\/www.pressensa.shop\\\/fr\\\/produit\\\/profirming-gel-raffermissant-effet-froid\\\/#breadcrumb\",\"itemListElement\":[{\"@type\":\"ListItem\",\"position\":1,\"name\":\"Portada\",\"item\":\"https:\\\/\\\/www.pressensa.shop\\\/fr\\\/\"},{\"@type\":\"ListItem\",\"position\":2,\"name\":\"Boutique\",\"item\":\"https:\\\/\\\/www.pressensa.shop\\\/fr\\\/boutique\\\/\"},{\"@type\":\"ListItem\",\"position\":3,\"name\":\"ProFirming Gel Raffermissant Effet Froid \u2013 250 ml\"}]},{\"@type\":\"WebSite\",\"@id\":\"https:\\\/\\\/www.pressensa.shop\\\/fr\\\/#website\",\"url\":\"https:\\\/\\\/www.pressensa.shop\\\/fr\\\/\",\"name\":\"Pressensa\",\"description\":\"fabricante de productos de dermocosmetica, estetica y medicina est\u00e9tica.\",\"publisher\":{\"@id\":\"https:\\\/\\\/www.pressensa.shop\\\/fr\\\/#organization\"},\"potentialAction\":[{\"@type\":\"SearchAction\",\"target\":{\"@type\":\"EntryPoint\",\"urlTemplate\":\"https:\\\/\\\/www.pressensa.shop\\\/fr\\\/?s={search_term_string}\"},\"query-input\":{\"@type\":\"PropertyValueSpecification\",\"valueRequired\":true,\"valueName\":\"search_term_string\"}}],\"inLanguage\":\"fr-FR\"},{\"@type\":\"Organization\",\"@id\":\"https:\\\/\\\/www.pressensa.shop\\\/fr\\\/#organization\",\"name\":\"Pressensa\",\"url\":\"https:\\\/\\\/www.pressensa.shop\\\/fr\\\/\",\"logo\":{\"@type\":\"ImageObject\",\"inLanguage\":\"fr-FR\",\"@id\":\"https:\\\/\\\/www.pressensa.shop\\\/fr\\\/#\\\/schema\\\/logo\\\/image\\\/\",\"url\":\"https:\\\/\\\/www.pressensa.shop\\\/wp-content\\\/uploads\\\/2022\\\/06\\\/Recurso-24.png\",\"contentUrl\":\"https:\\\/\\\/www.pressensa.shop\\\/wp-content\\\/uploads\\\/2022\\\/06\\\/Recurso-24.png\",\"width\":281,\"height\":131,\"caption\":\"Pressensa\"},\"image\":{\"@id\":\"https:\\\/\\\/www.pressensa.shop\\\/fr\\\/#\\\/schema\\\/logo\\\/image\\\/\"}}]}<\/script>\n<!-- \/ Yoast SEO plugin. -->","yoast_head_json":{"title":"Profirming \u00c9mulsion anti cellulite effet froid professionnel","description":"\u00c9mulsion Concentr\u00e9.Effet Froid. Anti Cellulite, am\u00e9liore l'\u00e9lasticit\u00e9, anti rel\u00e2chement. Usage professionnel combattre la cellulite 250ml.","robots":{"index":"index","follow":"follow","max-snippet":"max-snippet:-1","max-image-preview":"max-image-preview:large","max-video-preview":"max-video-preview:-1"},"canonical":"https:\/\/www.pressensa.shop\/fr\/produit\/profirming-gel-raffermissant-effet-froid\/","og_locale":"fr_FR","og_type":"article","og_title":"Profirming \u00c9mulsion anti cellulite effet froid professionnel","og_description":"\u00c9mulsion Concentr\u00e9.Effet Froid. Anti Cellulite, am\u00e9liore l'\u00e9lasticit\u00e9, anti rel\u00e2chement. Usage professionnel combattre la cellulite 250ml.","og_url":"https:\/\/www.pressensa.shop\/fr\/produit\/profirming-gel-raffermissant-effet-froid\/","og_site_name":"Pressensa","article_modified_time":"2025-09-25T08:51:37+00:00","og_image":[{"width":1920,"height":1920,"url":"https:\/\/www.pressensa.shop\/wp-content\/uploads\/2025\/02\/PROFIRMING-GRANDE-1.jpg","type":"image\/jpeg"}],"twitter_card":"summary_large_image","schema":{"@context":"https:\/\/schema.org","@graph":[{"@type":"WebPage","@id":"https:\/\/www.pressensa.shop\/fr\/produit\/profirming-gel-raffermissant-effet-froid\/","url":"https:\/\/www.pressensa.shop\/fr\/produit\/profirming-gel-raffermissant-effet-froid\/","name":"Profirming \u00c9mulsion anti cellulite effet froid professionnel","isPartOf":{"@id":"https:\/\/www.pressensa.shop\/fr\/#website"},"primaryImageOfPage":{"@id":"https:\/\/www.pressensa.shop\/fr\/produit\/profirming-gel-raffermissant-effet-froid\/#primaryimage"},"image":{"@id":"https:\/\/www.pressensa.shop\/fr\/produit\/profirming-gel-raffermissant-effet-froid\/#primaryimage"},"thumbnailUrl":"https:\/\/www.pressensa.shop\/wp-content\/uploads\/2025\/02\/PROFIRMING-GRANDE-1.jpg","datePublished":"2025-02-17T10:38:18+00:00","dateModified":"2025-09-25T08:51:37+00:00","description":"\u00c9mulsion Concentr\u00e9.Effet Froid. Anti Cellulite, am\u00e9liore l'\u00e9lasticit\u00e9, anti rel\u00e2chement. Usage professionnel combattre la cellulite 250ml.","breadcrumb":{"@id":"https:\/\/www.pressensa.shop\/fr\/produit\/profirming-gel-raffermissant-effet-froid\/#breadcrumb"},"inLanguage":"fr-FR","potentialAction":[{"@type":"ReadAction","target":["https:\/\/www.pressensa.shop\/fr\/produit\/profirming-gel-raffermissant-effet-froid\/"]}]},{"@type":"ImageObject","inLanguage":"fr-FR","@id":"https:\/\/www.pressensa.shop\/fr\/produit\/profirming-gel-raffermissant-effet-froid\/#primaryimage","url":"https:\/\/www.pressensa.shop\/wp-content\/uploads\/2025\/02\/PROFIRMING-GRANDE-1.jpg","contentUrl":"https:\/\/www.pressensa.shop\/wp-content\/uploads\/2025\/02\/PROFIRMING-GRANDE-1.jpg","width":1920,"height":1920},{"@type":"BreadcrumbList","@id":"https:\/\/www.pressensa.shop\/fr\/produit\/profirming-gel-raffermissant-effet-froid\/#breadcrumb","itemListElement":[{"@type":"ListItem","position":1,"name":"Portada","item":"https:\/\/www.pressensa.shop\/fr\/"},{"@type":"ListItem","position":2,"name":"Boutique","item":"https:\/\/www.pressensa.shop\/fr\/boutique\/"},{"@type":"ListItem","position":3,"name":"ProFirming Gel Raffermissant Effet Froid \u2013 250 ml"}]},{"@type":"WebSite","@id":"https:\/\/www.pressensa.shop\/fr\/#website","url":"https:\/\/www.pressensa.shop\/fr\/","name":"Pressensa","description":"fabricante de productos de dermocosmetica, estetica y medicina est\u00e9tica.","publisher":{"@id":"https:\/\/www.pressensa.shop\/fr\/#organization"},"potentialAction":[{"@type":"SearchAction","target":{"@type":"EntryPoint","urlTemplate":"https:\/\/www.pressensa.shop\/fr\/?s={search_term_string}"},"query-input":{"@type":"PropertyValueSpecification","valueRequired":true,"valueName":"search_term_string"}}],"inLanguage":"fr-FR"},{"@type":"Organization","@id":"https:\/\/www.pressensa.shop\/fr\/#organization","name":"Pressensa","url":"https:\/\/www.pressensa.shop\/fr\/","logo":{"@type":"ImageObject","inLanguage":"fr-FR","@id":"https:\/\/www.pressensa.shop\/fr\/#\/schema\/logo\/image\/","url":"https:\/\/www.pressensa.shop\/wp-content\/uploads\/2022\/06\/Recurso-24.png","contentUrl":"https:\/\/www.pressensa.shop\/wp-content\/uploads\/2022\/06\/Recurso-24.png","width":281,"height":131,"caption":"Pressensa"},"image":{"@id":"https:\/\/www.pressensa.shop\/fr\/#\/schema\/logo\/image\/"}}]}},"_links":{"self":[{"href":"https:\/\/www.pressensa.shop\/fr\/wp-json\/wp\/v2\/product\/20433","targetHints":{"allow":["GET"]}}],"collection":[{"href":"https:\/\/www.pressensa.shop\/fr\/wp-json\/wp\/v2\/product"}],"about":[{"href":"https:\/\/www.pressensa.shop\/fr\/wp-json\/wp\/v2\/types\/product"}],"replies":[{"embeddable":true,"href":"https:\/\/www.pressensa.shop\/fr\/wp-json\/wp\/v2\/comments?post=20433"}],"version-history":[{"count":0,"href":"https:\/\/www.pressensa.shop\/fr\/wp-json\/wp\/v2\/product\/20433\/revisions"}],"wp:featuredmedia":[{"embeddable":true,"href":"https:\/\/www.pressensa.shop\/fr\/wp-json\/wp\/v2\/media\/23018"}],"wp:attachment":[{"href":"https:\/\/www.pressensa.shop\/fr\/wp-json\/wp\/v2\/media?parent=20433"}],"wp:term":[{"taxonomy":"product_brand","embeddable":true,"href":"https:\/\/www.pressensa.shop\/fr\/wp-json\/wp\/v2\/product_brand?post=20433"},{"taxonomy":"product_cat","embeddable":true,"href":"https:\/\/www.pressensa.shop\/fr\/wp-json\/wp\/v2\/product_cat?post=20433"},{"taxonomy":"product_tag","embeddable":true,"href":"https:\/\/www.pressensa.shop\/fr\/wp-json\/wp\/v2\/product_tag?post=20433"}],"curies":[{"name":"wp","href":"https:\/\/api.w.org\/{rel}","templated":true}]}}

<p><strong>Composants</strong></p>
<h3>Algisium C®</h3>
<h3>Extrait botanique de prêle</h3>
<h3>extrait de tilleul</h3>
<h3>Manteca de Karité</h3>

<h2>ProFirming Gel Raffermissant Effet Froid – 250 ml</h2>
<p>Fermeté et fraîcheur pour votre peau</p>
<p><strong>ProFirming est un gel rafraîchissant à triple action qui transforme votre peau dès la première application.</strong></p>
<p>Raffermit et tonifie les tissus, renforce les fibres structurelles et améliore l&rsquo;élasticité.<br />
<strong>Mode d&#8217;emploi :</strong> Appliquez par mouvements circulaires jusqu&rsquo;à absorption complète. Idéal après l&rsquo;exercice ou comme partie de votre routine quotidienne.<br />
Retrouvez la fermeté de votre peau avec ProFirming !</p>

<!-- This site is optimized with the Yoast SEO plugin v27.5 - https://yoast.com/product/yoast-seo-wordpress/ -->
<title>Profirming Émulsion anti cellulite effet froid professionnel</title>
<meta name="description" content="Émulsion Concentré.Effet Froid. Anti Cellulite, améliore l&#039;élasticité, anti relâchement. Usage professionnel combattre la cellulite 250ml." />
<meta name="robots" content="index, follow, max-snippet:-1, max-image-preview:large, max-video-preview:-1" />
<link rel="canonical" href="https://www.pressensa.shop/fr/produit/profirming-gel-raffermissant-effet-froid/" />
<meta property="og:locale" content="fr_FR" />
<meta property="og:type" content="article" />
<meta property="og:title" content="Profirming Émulsion anti cellulite effet froid professionnel" />
<meta property="og:description" content="Émulsion Concentré.Effet Froid. Anti Cellulite, améliore l&#039;élasticité, anti relâchement. Usage professionnel combattre la cellulite 250ml." />
<meta property="og:url" content="https://www.pressensa.shop/fr/produit/profirming-gel-raffermissant-effet-froid/" />
<meta property="og:site_name" content="Pressensa" />
<meta property="article:modified_time" content="2025-09-25T08:51:37+00:00" />
<meta property="og:image" content="https://www.pressensa.shop/wp-content/uploads/2025/02/PROFIRMING-GRANDE-1.jpg" />
	<meta property="og:image:width" content="1920" />
	<meta property="og:image:height" content="1920" />
	<meta property="og:image:type" content="image/jpeg" />
<meta name="twitter:card" content="summary_large_image" />
<script type="application/ld+json" class="yoast-schema-graph">{"@context":"https:\/\/schema.org","@graph":[{"@type":"WebPage","@id":"https:\/\/www.pressensa.shop\/fr\/produit\/profirming-gel-raffermissant-effet-froid\/","url":"https:\/\/www.pressensa.shop\/fr\/produit\/profirming-gel-raffermissant-effet-froid\/","name":"Profirming Émulsion anti cellulite effet froid professionnel","isPartOf":{"@id":"https:\/\/www.pressensa.shop\/fr\/#website"},"primaryImageOfPage":{"@id":"https:\/\/www.pressensa.shop\/fr\/produit\/profirming-gel-raffermissant-effet-froid\/#primaryimage"},"image":{"@id":"https:\/\/www.pressensa.shop\/fr\/produit\/profirming-gel-raffermissant-effet-froid\/#primaryimage"},"thumbnailUrl":"https:\/\/www.pressensa.shop\/wp-content\/uploads\/2025\/02\/PROFIRMING-GRANDE-1.jpg","datePublished":"2025-02-17T10:38:18+00:00","dateModified":"2025-09-25T08:51:37+00:00","description":"Émulsion Concentré.Effet Froid. Anti Cellulite, améliore l'élasticité, anti relâchement. Usage professionnel combattre la cellulite 250ml.","breadcrumb":{"@id":"https:\/\/www.pressensa.shop\/fr\/produit\/profirming-gel-raffermissant-effet-froid\/#breadcrumb"},"inLanguage":"fr-FR","potentialAction":[{"@type":"ReadAction","target":["https:\/\/www.pressensa.shop\/fr\/produit\/profirming-gel-raffermissant-effet-froid\/"]}]},{"@type":"ImageObject","inLanguage":"fr-FR","@id":"https:\/\/www.pressensa.shop\/fr\/produit\/profirming-gel-raffermissant-effet-froid\/#primaryimage","url":"https:\/\/www.pressensa.shop\/wp-content\/uploads\/2025\/02\/PROFIRMING-GRANDE-1.jpg","contentUrl":"https:\/\/www.pressensa.shop\/wp-content\/uploads\/2025\/02\/PROFIRMING-GRANDE-1.jpg","width":1920,"height":1920},{"@type":"BreadcrumbList","@id":"https:\/\/www.pressensa.shop\/fr\/produit\/profirming-gel-raffermissant-effet-froid\/#breadcrumb","itemListElement":[{"@type":"ListItem","position":1,"name":"Portada","item":"https:\/\/www.pressensa.shop\/fr\/"},{"@type":"ListItem","position":2,"name":"Boutique","item":"https:\/\/www.pressensa.shop\/fr\/boutique\/"},{"@type":"ListItem","position":3,"name":"ProFirming Gel Raffermissant Effet Froid – 250 ml"}]},{"@type":"WebSite","@id":"https:\/\/www.pressensa.shop\/fr\/#website","url":"https:\/\/www.pressensa.shop\/fr\/","name":"Pressensa","description":"fabricante de productos de dermocosmetica, estetica y medicina estética.","publisher":{"@id":"https:\/\/www.pressensa.shop\/fr\/#organization"},"potentialAction":[{"@type":"SearchAction","target":{"@type":"EntryPoint","urlTemplate":"https:\/\/www.pressensa.shop\/fr\/?s={search_term_string}"},"query-input":{"@type":"PropertyValueSpecification","valueRequired":true,"valueName":"search_term_string"}}],"inLanguage":"fr-FR"},{"@type":"Organization","@id":"https:\/\/www.pressensa.shop\/fr\/#organization","name":"Pressensa","url":"https:\/\/www.pressensa.shop\/fr\/","logo":{"@type":"ImageObject","inLanguage":"fr-FR","@id":"https:\/\/www.pressensa.shop\/fr\/#\/schema\/logo\/image\/","url":"https:\/\/www.pressensa.shop\/wp-content\/uploads\/2022\/06\/Recurso-24.png","contentUrl":"https:\/\/www.pressensa.shop\/wp-content\/uploads\/2022\/06\/Recurso-24.png","width":281,"height":131,"caption":"Pressensa"},"image":{"@id":"https:\/\/www.pressensa.shop\/fr\/#\/schema\/logo\/image\/"}}]}</script>
<!-- / Yoast SEO plugin. -->

Profirming Émulsion anti cellulite effet froid professionnel

Émulsion Concentré.Effet Froid. Anti Cellulite, améliore l'élasticité, anti relâchement. Usage professionnel combattre la cellulite 250ml.

fabricante de productos de dermocosmetica, estetica y medicina estética.
